composite number?
False
Is 1387702 a prime number?
False
Is 2947199 a prime number?
True
Is 2242927 composite?
True
Is 1117877 prime?
True
Is 1963981 a prime number?
True
Is 15615713 prime?
True
Is 2060551 a composite number?
False
Is 632759917 a prime number?
True
Is 328394597 prime?
False
Is 25441991 a prime number?
True
Is 3929217 a prime number?
False
Is 58435609 a composite number?
True
Is 2545967 a composite number?
False
Is 98884933 a prime number?
False
Is 65649371 composite?
False
Is 21792557 a composite number?
False
Is 3286369 a prime number?
True
Is 7157599 a prime number?
False
Is 708109 composite?
False
Is 27938717 prime?
False
Is 837623 a composite number?
True
Is 380227 prime?
False
Is 45545023 composite?
True
Is 3975577 a prime number?
True
Is 167521 prime?
True
Is 571415279 prime?
True
Is 23061089 a prime number?
False
Is 3639759 composite?
True
Is 10365853 prime?
False
Is 7924373 prime?
True
Is 2141887 composite?
True
Is 310350919 a composite number?
False
Is 27520327 a composite number?
True
Is 27673273 prime?
True
Is 584006077 a composite number?
True
Is 7570699 composite?
False
Is 1462021 prime?
False
Is 73429 a prime number?
False
Is 1628621 a prime number?
True
Is 275655777 composite?
True
Is 2507291 composite?
False
Is 274633 composite?
True
Is 442609 a composite number?
False
Is 60300863 a prime number?
False
Is 538939 composite?
False
Is 69539 prime?
True
Is 15261451 a composite number?
True
Is 15205109 a composite number?
False
Is 29527427 composite?
True
Is 143828467 composite?
False
Is 36588739 prime?
False
Is 5386951 composite?
False
Is 392422739 composite?
False
Is 66988813 a prime number?
False
Is 3685007 a prime number?
True
Is 466261 a prime number?
True
Is 7286297 a prime number?
True
Is 93845153 prime?
False
Is 252541 prime?
True
Is 26840677 composite?
True
Is 90744517 a composite number?
True
Is 213433615 prime?
False
Is 17318635 a prime number?
False
Is 22570967 composite?
True
Is 17355955 a prime number?
False
Is 31221247 composite?
True
Is 4960149 a prime number?
False
Is 580886899 prime?
True
Is 4509467 prime?
False
Is 8273947 a composite number?
True
Is 6511667 a prime number?
False
Is 4145837 composite?
False
Is 5695439 a composite number?
False
Is 82380867 a composite number?
True
Is 2294209 prime?
True
Is 27752161 a composite number?
True
Is 3201757 prime?
False
Is 146447549 a composite number?
False
Is 11825395 composite?
True
Is 54936499 prime?
False
Is 374639 a prime number?
True
Is 8037371 composite?
True
Is 1428043 a composite number?
True
Is 302381 prime?
False
Is 218290529 a composite number?
True
Is 14891221 composite?
False
Is 19257221 a prime number?
True
Is 11557261 a composite number?
False
Is 69587437 a prime number?
True
Is 4454657 a composite number?
False
Is 319007059 composite?
True
Is 34006813 a composite number?
False
Is 17271439 a composite number?
True
Is 43615231 a composite number?
True
Is 2200679 prime?
False
Is 78293207 prime?
True
Is 25755473 composite?
True
Is 2573437 prime?
True
Is 2271235 a composite number?
True
Is 81225511 a prime number?
True
Is 1909121 a prime number?
True
Is 278070549 prime?
False
Is 84907079 composite?
False
Is 590983 a composite number?
False
Is 10457453 a composite number?
True
Is 2465467 a composite number?
False
Is 5264741 a prime number?
True
Is 27361067 a composite number?
True
Is 20925967 composite?
False
Is 7821979 prime?
False
Is 34869217 a prime number?
True
Is 167355899 a prime number?
True
Is 3795959 composite?
False
Is 22968191 a composite number?
True
Is 13842973 a composite number?
False
Is 1061849 a composite number?
False
Is 87839771 a prime number?
False
Is 385353593 a prime number?
False
Is 1256477 prime?
True
Is 40835213 a composite number?
False
Is 1723247 prime?
True
Is 49120271 a composite number?
True
Is 7301249 prime?
True
Is 161709061 composite?
False
Is 4210547 a prime number?
False
Is 1067147 prime?
True
Is 24110971 a prime number?
True
Is 53370887 composite?
True
Is 21427829 composite?
False
Is 14645519 a prime number?
False
Is 2210927 composite?
True
Is 126062923 a composite number?
True
Is 2770213 composite?
True
Is 6305863 composite?
True
Is 3545147 prime?
False
Is 3469817 composite?
True
Is 23664469 prime?
True
Is 301027 prime?
True
Is 9968839 composite?
False
Is 7988843 prime?
False
Is 6520659 a prime number?
False
Is 27100369 a composite number?
False
Is 78804149 a composite number?
True
Is 77037689 prime?
True
Is 20356963 a composite number?
True
Is 24789845 prime?
False
Is 60047131 prime?
True
Is 29671337 composite?
False
Is 343096769 prime?
True
Is 4351103 a prime number?
True
Is 185230511 a prime number?
False
Is 11590289 prime?
True
Is 1468717 a composite number?
False
Is 121508267 composite?
False
Is 354058361 a prime number?
False
Is 886393 composite?
True
Is 6349129 prime?
True
Is 126317237 composite?
False
Is 50873087 prime?
False
Is 87201017 prime?
True
Is 10138709 prime?
False
Is 14130151 a prime number?
False
Is 56176829 a prime number?
True
Is 2052199 prime?
True
Is 98167903 a composite number?
False
Is 18654619 a composite number?
True
Is 3023843 composite?
False
Is 17643349 prime?
True
Is 2258119 a composite number?
False
Is 15374659 prime?
True
Is 174244783 a prime number?
True
Is 17942063 a composite number?
True
Is 2190882817 composite?
False
Is 20810683 a prime number?
False
Is 118710173 a prime number?
True
Is 45230869 a prime number?
True
Is 1342911 composite?
True
Is 30509651 a prime number?
True
Is 69171839 composite?
True
Is 110445473 prime?
False
Is 262050077 composite?
False
Is 427019342 prime?
False
Is 1871879 prime?
True
Is 14923 a prime number?
True
Is 1927809943 composite?
True
Is 26593249 a composite number?
False
Is 226307755 prime?
False
Is 193957 a composite number?
False
Is 1279249 prime?
True
Is 148459371 a composite number?
True
Is 2161263701 prime?
False
Is 48951307 a composite number?
False
Is 1118909827 a composite number?
True
Is 527251 a composite number?
False
Is 50396939 a composite number?
False
Is 70793699 prime?
True
Is 16265951 a prime number?
False
Is 1734982049 a prime number?
True
Is 2658521 composite?
False
Is 4854099 composite?
True
Is 307498933 a prime number?
False
Is 170359693 prime?
False
Is 14096261 a prime number?
True
Is 48662893 a composite number?
False
Is 352411699 composite?
False
Is 25470407 composite?
True
Is 1615231 a composite number?
False
Is 366747923 prime?
True
Is 2171293 a prime number?
True
Is 2124167 a prime number?
False
Is 27667597 composite?
True
Is 20660527 a prime number?
True
Is 652757 a composite number?
True
Is 465041 composite?
False
Is 850477 a composite number?
True
Is 883153 prime?
False
Is 6683911 a composite number?
True
Is 6362617 prime?
True
Is 22061374 a prime number?
False
Is 6752957 a prime number?
True
Is 23875771 composite?
True
Is 11888879 a composite number?
True
Is 267451 composite?
False
Is 173764389 a prime number?
False
Is 1020727 prime?
False
Is 39961109 composite?
False
Is 24710863 composite?
False
Is 963461 prime?
True
Is 35455183 composite?
True
Is 24565907 composite?
False
Is 5141831 composite?
False
Is 82066118 a composite number?
True
Is 31467023 prime?
False
Is 5005261 composite?
False
Is 5615453 composite?
True
Is 1117009 composite?
False
Is 8018551 composite?
True
Is 27776201 a prime number?
False
Is 52810021 a prime number?
False
Is 38738159 a prime number?
True
Is 1657297 composite?
True
Is 93861101 prime?
False
Is 171300263 prime?
True
Is 8436181 a prime number?
False
Is 519962029 prime?
True
Is 115820197 composite?
False
Is 2239357 a composite number?
False
Is 13724449 a composite number?
False
Is 6668149 a composite number?
False
Is 1614859 prime?
True
Is 2660223 a prime number?
False
Is 12918443 a prime number?
True
Is 86788693 a prime number?
True
Is 312727 composite?
False
Is 11242499 a prime number?
False
Is 252521 composite?
True
Is 2490209 composite?
False
Is 137401937 composite?
True
Is 385177 a prime number?
False
Is 66097243 prime?
False
Is 1533017 a prime number?
False
Is 56539403 a composite number?
True
Is 208037 prime?
True
Is 377393 composite?
False
Is 140220227 prime?
False
Is 14675593 a prime number?
False
Is 1178033 prime?
True
Is 19566619 a prime number?
False
Is 2451443 comp